2, 397
List the prime factors of 2080.
2, 5, 13
What are the prime factors of 5495?
5, 7, 157
What are the prime factors of 2233?
7, 11, 29
List the prime factors of 712.
2, 89
List the prime factors of 870.
2, 3, 5, 29
List the prime factors of 635.
5, 127
List the prime factors of 7134.
2, 3, 29, 41
List the prime factors of 34603.
34603
What are the prime factors of 111648?
2, 3, 1163
What are the prime factors of 6694?
2, 3347
List the prime factors of 108407.
13, 31, 269
What are the prime factors of 83089?
83089
List the prime factors of 2353.
13, 181
What are the prime factors of 281?
281
What are the prime factors of 1126?
2, 563
What are the prime factors of 59707?
59707
List the prime factors of 2572.
2, 643
What are the prime factors of 17350?
2, 5, 347
What are the prime factors of 20818?
2, 7, 1487
What are the prime factors of 1423?
1423
What are the prime factors of 44?
2, 11
List the prime factors of 14317.
103, 139
What are the prime factors of 6049?
23, 263
What are the prime factors of 8121?
3, 2707
What are the prime factors of 2534?
2, 7, 181
List the prime factors of 1468.
2, 367
What are the prime factors of 569?
569
What are the prime factors of 1401?
3, 467
List the prime factors of 21452.
2, 31, 173
What are the prime factors of 46226?
2, 29, 797
List the prime factors of 1016.
2, 127
List the prime factors of 7125.
3, 5, 19
List the prime factors of 21811.
17, 1283
List the prime factors of 2200.
2, 5, 11
What are the prime factors of 6088?
2, 761
List the prime factors of 341.
11, 31
What are the prime factors of 1136?
2, 71
What are the prime factors of 401?
401
List the prime factors of 4441.
4441
List the prime factors of 189.
3, 7
List the prime factors of 97972.
2, 7, 3499
List the prime factors of 5690.
2, 5, 569
List the prime factors of 137865.
3, 5, 7, 13, 101
What are the prime factors of 98615?
5, 11, 163
List the prime factors of 9363.
3, 3121
What are the prime factors of 3985?
5, 797
List the prime factors of 1849.
43
List the prime factors of 6607.
6607
What are the prime factors of 121155?
3, 5, 41, 197
List the prime factors of 70089.
3, 61, 383
What are the prime factors of 595?
5, 7, 17
List the prime factors of 9533.
9533
What are the prime factors of 1502?
2, 751
What are the prime factors of 34?
2, 17
List the prime factors of 118380.
2, 3, 5, 1973
List the prime factors of 2048.
2
List the prime factors of 802.
2, 401
List the prime factors of 65.
5, 13
What are the prime factors of 47529?
3, 5281
List the prime factors of 12884.
2, 3221
List the prime factors of 25630.
2, 5, 11, 233
List the prime factors of 68732.
2, 17183
List the prime factors of 49168.
2, 7, 439
What are the prime factors of 27856?
2, 1741
List the prime factors of 2476.
2, 619
What are the prime factors of 4067?
7, 83
What are the prime factors of 873?
3, 97
What are the prime factors of 49681?
49681
List the prime factors of 2080.
2, 5, 13
What are the prime factors of 2656?
2, 83
What are the prime factors of 551?
19, 29
List the prime factors of 8148.
2, 3, 7, 97
List the prime factors of 3845.
5, 769
What are the prime factors of 5434?
2, 11, 13, 19
What are the prime factors of 2591?
2591
List the prime factors of 5327.
7, 761
What are the prime factors of 6295?
5, 1259
List the prime factors of 5807.
5807
List the prime factors of 502.
2, 251
List the prime factors of 36981.
3, 7, 587
What are the prime factors of 6598?
2, 3299
What are the prime factors of 7288?
2, 911
What are the prime factors of 55518?
2, 3, 19, 487
List the prime factors of 63.
3, 7
List the prime factors of 4532.
2, 11, 103
What are the prime factors of 7507?
7507
List the prime factors of 2416.
2, 151
What are the prime factors of 47145?
3, 5, 7, 449
What are the prime factors of 77801?
77801
What are the prime factors of 47454?
2, 3, 11, 719
List the prime factors of 90205.
5, 18041
What are the prime factors of 638?
2, 11, 29
What are the prime factors of 168104?
2, 21013
List the prime factors of 1231.
1231
List the prime factors of 1201.
1201
What are the prime factors of 2676?
2, 3, 223
List the prime factors of 144576.
2, 3, 251
What are the prime factors of 1394?
2, 17, 41
What are the prime factors of 225?
3, 5
What are the prime factors of 488?
2, 61
What are the prime factors of 25047?
3, 11, 23
What are the prime factors of 3252?
2, 3, 271
What are the prime factors of 1653?
3, 19, 29
List the prime factors of 1918.
2, 7, 137
What are the prime factors of 1262?
2, 631
What are the prime factors of 3942?
2, 3, 73
What are the prime factors of 4079?
4079
List the prime factors of 4141.
41, 101
What are the prime factors of 875?
5, 7
List the prime factors of 29134.
2, 7, 2081
List the prime factors of 2364.
2, 3, 197
List the prime factors of 117156.
2, 3, 13, 751
List the prime factors of 13159.
13159
List the prime factors of 28063.
7, 19, 211
List the prime factors of 2937.
3, 11, 89
List the prime factors of 10659.
3, 11, 17, 19
What are the prime factors of 1145?
5, 229
What are the prime factors of 43355?
5, 13, 23, 29
List the prime factors of 12823.
12823
What are the prime factors of 7121?
7121
List the prime factors of 66204.
2, 3, 613
What are the prime factors of 6514?
2, 3257
List the prime factors of 694.
2, 347
What are the prime factors of 1125?
3, 5
What are the prime factors of 1064?
2, 7, 19
What are the prime factors of 2921?
23, 127
List the prime factors of 1219.
23, 53
What are the prime factors of 1397?
11, 127
List the prime factors of 3098.
2, 1549
List the prime factors of 17695.
5, 3539
What are the prime factors of 792?
2, 3, 11
What are the prime factors of 345?
3, 5, 23
What are the prime factors of 3393?
3, 13, 29
List the prime factors of 24372.
2, 3, 677
List the prime factors of 14442.
2, 3, 29, 83
What are the prime factors of 29742?
2, 3, 4957
What are the prime factors of 12681?
3, 1409
List the prime factors of 43025.
5, 1721
List the prime factors of 321.
3, 107
What are the prime factors of 1074?
2, 3, 179
What are the prime factors of 43698?
2, 3, 7283
List the prime factors of 236.
2, 59
What are the prime factors of 58297?
97, 601
What are the prime factors of 78041?
78041
List the prime factors of 26820.
2, 3, 5, 149
List the prime factors of 25010.
2, 5, 41, 61
List the prime factors of 103476.
2, 3, 8623
What are the prime factors of 34563?
3, 41, 281
What are the prime factors of 2388?
2, 3, 199
List the prime factors of 830.
2, 5, 83
What are the prime factors of 25593?
3, 19, 449
What are the prime factors of 1593?
3, 59
List the prime factors of 2797.
2797
What are the prime factors of 16126?
2, 11, 733
What are the prime factors of 3318?
2, 3, 7, 79
List the prime factors of 34382.
2, 17191
List the prime factors of 39257.
37, 1061
What are the prime factors of 885?
3, 5, 59
What are the prime factors of 14609?
7, 2087
List the prime factors of 20769.
3, 7, 23, 43
List the prime factors of 7269.
3, 2423
List the prime factors of 29850.
2, 3, 5, 199
List the prime factors of 26345.
5, 11, 479
What are the prime factors of 2176?
2, 17
What are the prime factors of 2925?
3, 5, 13
List the prime factors of 445.
5, 89
What are the prime factors of 35224?
2, 7, 17, 37
What are the prime factors of 1002?
2, 3, 167
List the prime factors of 939.
3, 313
List the prime factors of 396.
2, 3, 11
List the prime factors of 7172.
2, 11, 163
List the prime factors of 1803.
3, 601
List the prime factors of 300.
2, 3, 5
List the prime factors of 894.
2, 3, 149
What are the prime factors of 36779?
36779
List the prime factors of 131856.
2, 3, 41, 67
What are the prime factors of 54341?
7, 1109
What are the prime factors of 557?
557
List the prime factors of 3392.
2, 53
List the prime factors of 125109.
3, 13901
What are the prime factors of 4460?
2, 5, 223
What are the prime factors of 8437?
11, 13, 59
What are the prime factors of 56154?
2, 3, 7, 191
List the prime factors of 95821.
11, 31, 281
List the prime factors of 3899.
7, 557
What are the prime factors of 1979?
1979
List the prime factors of 1049.
1049
What are the prime factors of 9443?
7, 19, 71
What are the prime factors of 17245?
5, 3449
List the prime factors of 50346.
2, 3, 2797
What are the prime factors of 5154?
2, 3, 859
What ar